{"id":5699,"date":"2023-11-16T07:24:08","date_gmt":"2023-11-16T06:24:08","guid":{"rendered":"https:\/\/gardeon.sk\/shop\/?post_type=product&#038;p=5699"},"modified":"2024-08-21T18:20:39","modified_gmt":"2024-08-21T16:20:39","slug":"gardeon-bike","status":"publish","type":"product","link":"https:\/\/gardeon.at\/shop\/produkt\/gardeon-bike\/","title":{"rendered":"Aufh\u00e4ngungssystem f\u00fcr ein Fahrrad | GARDEON"},"content":{"rendered":"<p><strong>Packungsinhalt:<\/strong> Schiene, Haken (2+2 Stk.)<\/p>\n<p><strong>Die maximale Belastbarkeit eines Aufh\u00e4ngungssystems liegt<\/strong> bei 25 kg.<\/p>\n<p><strong>Materialien:<\/strong> Stahl, Aluminium, Gummi<\/p>\n<p>Die Leisten bestehen aus Stahl mit qualitativer best\u00e4ndiger Oberfl\u00e4chenbehandlung.<\/p>\n<p><strong>Farbe:<\/strong> Grau und Schwarz<\/p>\n<p><strong>Gewicht:<\/strong> 2130 g<\/p>\n<p><strong>Ma\u00dfe:<\/strong> 840 x 170 x 110 mm<\/p>\n","protected":false},"excerpt":{"rendered":"<p>Das Aufh\u00e4ngungssystem ist sehr universal und somit f\u00fcr die meisten Fahrr\u00e4der geeignet. Sehr starker Wandst\u00e4nder f\u00fcr die Aufbewahrung von Fahrr\u00e4dern. H\u00e4ngen Sie Ihr Fahrrad einfach auf den H\u00e4nger und verschaffen Sie sich mehr Freiraum. Die Schutzoberfl\u00e4che aus Kunststoff sorgt f\u00fcr die Sicherheit Ihres Fahrrades.<\/p>\n<p>Das neue Organisationssystem schaut nicht nur gut aus &#8211; es ist auch preisg\u00fcnstig und einfach zu installieren. Sparen Sie in Ihrer Garage eine Menge an Raum. Sorgen Sie f\u00fcr Ordnung in: der Garage, dem Gartenhaus, dem Lager, den Schr\u00e4nken, Terrasse,\u2026.<\/p>\n","protected":false},"featured_media":5505,"template":"","meta":{"_acf_changed":false,"inline_featured_image":false},"product_brand":[],"product_cat":[1739,1596],"product_tag":[],"class_list":{"0":"post-5699","1":"product","2":"type-product","3":"status-publish","4":"has-post-thumbnail","6":"product_cat-aufhaengungssysteme","7":"product_cat-zubehoer","8":"product_shipping_class-kurier-do-3-kg","10":"first","11":"instock","12":"sale","13":"taxable","14":"shipping-taxable","15":"purchasable","16":"product-type-simple"},"acf":[],"yoast_head":"<!-- This site is optimized with the Yoast SEO plugin v27.5 - https:\/\/yoast.com\/product\/yoast-seo-wordpress\/ -->\n<title>Aufh\u00e4ngungssystem f\u00fcr ein Fahrrad | GARDEON | Gardeon e-shop<\/title>\n<meta name=\"robots\" content=\"index, follow, max-snippet:-1, max-image-preview:large, max-video-preview:-1\" \/>\n<link rel=\"canonical\" href=\"https:\/\/gardeon.at\/shop\/produkt\/gardeon-bike\/\" \/>\n<meta property=\"og:locale\" content=\"hu_HU\" \/>\n<meta property=\"og:type\" content=\"article\" \/>\n<meta property=\"og:title\" content=\"Aufh\u00e4ngungssystem f\u00fcr ein Fahrrad | GARDEON | Gardeon e-shop\" \/>\n<meta property=\"og:description\" content=\"Das Aufh\u00e4ngungssystem ist sehr universal und somit f\u00fcr die meisten Fahrr\u00e4der geeignet. Sehr starker Wandst\u00e4nder f\u00fcr die Aufbewahrung von Fahrr\u00e4dern. H\u00e4ngen Sie Ihr Fahrrad einfach auf den H\u00e4nger und verschaffen Sie sich mehr Freiraum. Die Schutzoberfl\u00e4che aus Kunststoff sorgt f\u00fcr die Sicherheit Ihres Fahrrades.  Das neue Organisationssystem schaut nicht nur gut aus - es ist auch preisg\u00fcnstig und einfach zu installieren. Sparen Sie in Ihrer Garage eine Menge an Raum. Sorgen Sie f\u00fcr Ordnung in: der Garage, dem Gartenhaus, dem Lager, den Schr\u00e4nken, Terrasse,\u2026.\" \/>\n<meta property=\"og:url\" content=\"https:\/\/gardeon.at\/shop\/produkt\/gardeon-bike\/\" \/>\n<meta property=\"og:site_name\" content=\"Gardeon e-shop\" \/>\n<meta property=\"article:modified_time\" content=\"2024-08-21T16:20:39+00:00\" \/>\n<meta property=\"og:image\" content=\"https:\/\/gardeon.at\/shop\/wp-content\/uploads\/2023\/09\/gardeon-zavesny-system-na-bicykel-6-scaled.webp\" \/>\n\t<meta property=\"og:image:width\" content=\"2560\" \/>\n\t<meta property=\"og:image:height\" content=\"1439\" \/>\n\t<meta property=\"og:image:type\" content=\"image\/webp\" \/>\n<meta name=\"twitter:card\" content=\"summary_large_image\" \/>\n<meta name=\"twitter:label1\" content=\"Becs\u00fclt olvas\u00e1si id\u0151\" \/>\n\t<meta name=\"twitter:data1\" content=\"1 perc\" \/>\n<script type=\"application\/ld+json\" class=\"yoast-schema-graph\">{\"@context\":\"https:\\\/\\\/schema.org\",\"@graph\":[{\"@type\":\"WebPage\",\"@id\":\"https:\\\/\\\/gardeon.at\\\/shop\\\/produkt\\\/gardeon-bike\\\/\",\"url\":\"https:\\\/\\\/gardeon.at\\\/shop\\\/produkt\\\/gardeon-bike\\\/\",\"name\":\"Aufh\u00e4ngungssystem f\u00fcr ein Fahrrad | GARDEON | Gardeon e-shop\",\"isPartOf\":{\"@id\":\"https:\\\/\\\/gardeon.at\\\/shop\\\/#website\"},\"primaryImageOfPage\":{\"@id\":\"https:\\\/\\\/gardeon.at\\\/shop\\\/produkt\\\/gardeon-bike\\\/#primaryimage\"},\"image\":{\"@id\":\"https:\\\/\\\/gardeon.at\\\/shop\\\/produkt\\\/gardeon-bike\\\/#primaryimage\"},\"thumbnailUrl\":\"https:\\\/\\\/gardeon.at\\\/shop\\\/wp-content\\\/uploads\\\/2023\\\/09\\\/gardeon-zavesny-system-na-bicykel-6-scaled.webp\",\"datePublished\":\"2023-11-16T06:24:08+00:00\",\"dateModified\":\"2024-08-21T16:20:39+00:00\",\"breadcrumb\":{\"@id\":\"https:\\\/\\\/gardeon.at\\\/shop\\\/produkt\\\/gardeon-bike\\\/#breadcrumb\"},\"inLanguage\":\"hu\",\"potentialAction\":[{\"@type\":\"ReadAction\",\"target\":[\"https:\\\/\\\/gardeon.at\\\/shop\\\/produkt\\\/gardeon-bike\\\/\"]}]},{\"@type\":\"ImageObject\",\"inLanguage\":\"hu\",\"@id\":\"https:\\\/\\\/gardeon.at\\\/shop\\\/produkt\\\/gardeon-bike\\\/#primaryimage\",\"url\":\"https:\\\/\\\/gardeon.at\\\/shop\\\/wp-content\\\/uploads\\\/2023\\\/09\\\/gardeon-zavesny-system-na-bicykel-6-scaled.webp\",\"contentUrl\":\"https:\\\/\\\/gardeon.at\\\/shop\\\/wp-content\\\/uploads\\\/2023\\\/09\\\/gardeon-zavesny-system-na-bicykel-6-scaled.webp\",\"width\":2560,\"height\":1439,\"caption\":\"GARDEON z\u00e1vesn\u00fd syst\u00e9m na bicykel na stene stavby s h\u00e1kmi na doplnky\"},{\"@type\":\"BreadcrumbList\",\"@id\":\"https:\\\/\\\/gardeon.at\\\/shop\\\/produkt\\\/gardeon-bike\\\/#breadcrumb\",\"itemListElement\":[{\"@type\":\"ListItem\",\"position\":1,\"name\":\"Online Shop GARDEON\",\"item\":\"https:\\\/\\\/gardeon.at\\\/shop\\\/\"},{\"@type\":\"ListItem\",\"position\":2,\"name\":\"Zubeh\u00f6r\",\"item\":\"https:\\\/\\\/gardeon.at\\\/shop\\\/product-category\\\/zubehoer\\\/\"},{\"@type\":\"ListItem\",\"position\":3,\"name\":\"Aufh\u00e4ngungssysteme\",\"item\":\"https:\\\/\\\/gardeon.at\\\/shop\\\/product-category\\\/zubehoer\\\/aufhaengungssysteme\\\/\"},{\"@type\":\"ListItem\",\"position\":4,\"name\":\"Aufh\u00e4ngungssystem f\u00fcr ein Fahrrad | GARDEON\"}]},{\"@type\":\"WebSite\",\"@id\":\"https:\\\/\\\/gardeon.at\\\/shop\\\/#website\",\"url\":\"https:\\\/\\\/gardeon.at\\\/shop\\\/\",\"name\":\"Gardeon e-shop\",\"description\":\"\",\"potentialAction\":[{\"@type\":\"SearchAction\",\"target\":{\"@type\":\"EntryPoint\",\"urlTemplate\":\"https:\\\/\\\/gardeon.at\\\/shop\\\/?s={search_term_string}\"},\"query-input\":{\"@type\":\"PropertyValueSpecification\",\"valueRequired\":true,\"valueName\":\"search_term_string\"}}],\"inLanguage\":\"hu\"}]}<\/script>\n<!-- \/ Yoast SEO plugin. -->","yoast_head_json":{"title":"Aufh\u00e4ngungssystem f\u00fcr ein Fahrrad | GARDEON | Gardeon e-shop","robots":{"index":"index","follow":"follow","max-snippet":"max-snippet:-1","max-image-preview":"max-image-preview:large","max-video-preview":"max-video-preview:-1"},"canonical":"https:\/\/gardeon.at\/shop\/produkt\/gardeon-bike\/","og_locale":"hu_HU","og_type":"article","og_title":"Aufh\u00e4ngungssystem f\u00fcr ein Fahrrad | GARDEON | Gardeon e-shop","og_description":"Das Aufh\u00e4ngungssystem ist sehr universal und somit f\u00fcr die meisten Fahrr\u00e4der geeignet. Sehr starker Wandst\u00e4nder f\u00fcr die Aufbewahrung von Fahrr\u00e4dern. H\u00e4ngen Sie Ihr Fahrrad einfach auf den H\u00e4nger und verschaffen Sie sich mehr Freiraum. Die Schutzoberfl\u00e4che aus Kunststoff sorgt f\u00fcr die Sicherheit Ihres Fahrrades.  Das neue Organisationssystem schaut nicht nur gut aus - es ist auch preisg\u00fcnstig und einfach zu installieren. Sparen Sie in Ihrer Garage eine Menge an Raum. Sorgen Sie f\u00fcr Ordnung in: der Garage, dem Gartenhaus, dem Lager, den Schr\u00e4nken, Terrasse,\u2026.","og_url":"https:\/\/gardeon.at\/shop\/produkt\/gardeon-bike\/","og_site_name":"Gardeon e-shop","article_modified_time":"2024-08-21T16:20:39+00:00","og_image":[{"width":2560,"height":1439,"url":"https:\/\/gardeon.at\/shop\/wp-content\/uploads\/2023\/09\/gardeon-zavesny-system-na-bicykel-6-scaled.webp","type":"image\/webp"}],"twitter_card":"summary_large_image","twitter_misc":{"Becs\u00fclt olvas\u00e1si id\u0151":"1 perc"},"schema":{"@context":"https:\/\/schema.org","@graph":[{"@type":"WebPage","@id":"https:\/\/gardeon.at\/shop\/produkt\/gardeon-bike\/","url":"https:\/\/gardeon.at\/shop\/produkt\/gardeon-bike\/","name":"Aufh\u00e4ngungssystem f\u00fcr ein Fahrrad | GARDEON | Gardeon e-shop","isPartOf":{"@id":"https:\/\/gardeon.at\/shop\/#website"},"primaryImageOfPage":{"@id":"https:\/\/gardeon.at\/shop\/produkt\/gardeon-bike\/#primaryimage"},"image":{"@id":"https:\/\/gardeon.at\/shop\/produkt\/gardeon-bike\/#primaryimage"},"thumbnailUrl":"https:\/\/gardeon.at\/shop\/wp-content\/uploads\/2023\/09\/gardeon-zavesny-system-na-bicykel-6-scaled.webp","datePublished":"2023-11-16T06:24:08+00:00","dateModified":"2024-08-21T16:20:39+00:00","breadcrumb":{"@id":"https:\/\/gardeon.at\/shop\/produkt\/gardeon-bike\/#breadcrumb"},"inLanguage":"hu","potentialAction":[{"@type":"ReadAction","target":["https:\/\/gardeon.at\/shop\/produkt\/gardeon-bike\/"]}]},{"@type":"ImageObject","inLanguage":"hu","@id":"https:\/\/gardeon.at\/shop\/produkt\/gardeon-bike\/#primaryimage","url":"https:\/\/gardeon.at\/shop\/wp-content\/uploads\/2023\/09\/gardeon-zavesny-system-na-bicykel-6-scaled.webp","contentUrl":"https:\/\/gardeon.at\/shop\/wp-content\/uploads\/2023\/09\/gardeon-zavesny-system-na-bicykel-6-scaled.webp","width":2560,"height":1439,"caption":"GARDEON z\u00e1vesn\u00fd syst\u00e9m na bicykel na stene stavby s h\u00e1kmi na doplnky"},{"@type":"BreadcrumbList","@id":"https:\/\/gardeon.at\/shop\/produkt\/gardeon-bike\/#breadcrumb","itemListElement":[{"@type":"ListItem","position":1,"name":"Online Shop GARDEON","item":"https:\/\/gardeon.at\/shop\/"},{"@type":"ListItem","position":2,"name":"Zubeh\u00f6r","item":"https:\/\/gardeon.at\/shop\/product-category\/zubehoer\/"},{"@type":"ListItem","position":3,"name":"Aufh\u00e4ngungssysteme","item":"https:\/\/gardeon.at\/shop\/product-category\/zubehoer\/aufhaengungssysteme\/"},{"@type":"ListItem","position":4,"name":"Aufh\u00e4ngungssystem f\u00fcr ein Fahrrad | GARDEON"}]},{"@type":"WebSite","@id":"https:\/\/gardeon.at\/shop\/#website","url":"https:\/\/gardeon.at\/shop\/","name":"Gardeon e-shop","description":"","potentialAction":[{"@type":"SearchAction","target":{"@type":"EntryPoint","urlTemplate":"https:\/\/gardeon.at\/shop\/?s={search_term_string}"},"query-input":{"@type":"PropertyValueSpecification","valueRequired":true,"valueName":"search_term_string"}}],"inLanguage":"hu"}]}},"pll_sync_post":{},"lang":"de-at","translations":{"de-at":5699,"sk":5696,"cs":5697,"de-de":5698,"hu":7112},"_links":{"self":[{"href":"https:\/\/gardeon.at\/shop\/wp-json\/wp\/v2\/product\/5699","targetHints":{"allow":["GET"]}}],"collection":[{"href":"https:\/\/gardeon.at\/shop\/wp-json\/wp\/v2\/product"}],"about":[{"href":"https:\/\/gardeon.at\/shop\/wp-json\/wp\/v2\/types\/product"}],"wp:featuredmedia":[{"embeddable":true,"href":"https:\/\/gardeon.at\/shop\/wp-json\/wp\/v2\/media\/5505"}],"wp:attachment":[{"href":"https:\/\/gardeon.at\/shop\/wp-json\/wp\/v2\/media?parent=5699"}],"wp:term":[{"taxonomy":"product_brand","embeddable":true,"href":"https:\/\/gardeon.at\/shop\/wp-json\/wp\/v2\/product_brand?post=5699"},{"taxonomy":"product_cat","embeddable":true,"href":"https:\/\/gardeon.at\/shop\/wp-json\/wp\/v2\/product_cat?post=5699"},{"taxonomy":"product_tag","embeddable":true,"href":"https:\/\/gardeon.at\/shop\/wp-json\/wp\/v2\/product_tag?post=5699"}],"curies":[{"name":"wp","href":"https:\/\/api.w.org\/{rel}","templated":true}]}}