{"id":5078,"date":"2023-07-28T07:31:55","date_gmt":"2023-07-28T05:31:55","guid":{"rendered":"https:\/\/gardeon.sk\/shop\/?post_type=product&#038;p=5078"},"modified":"2026-04-28T14:05:09","modified_gmt":"2026-04-28T12:05:09","slug":"pergola-gardeon-4000x3500mm","status":"publish","type":"product","link":"https:\/\/gardeon.at\/shop\/produkt\/pergola-gardeon-4000x3500mm\/","title":{"rendered":"Pergola GARDEON | 4000 x 3500 mm"},"content":{"rendered":"<div class=\"wd-accordion-item\">\n<div class=\"wd-accordion-item\">\n<div class=\"wd-accordion-item\">\n<div class=\"wd-accordion-item\">\n<div class=\"wd-accordion-item\">\n<div class=\"wd-accordion-item\">\n<div class=\"wd-accordion-item\">\n<div class=\"wd-accordion-item\">\n<div class=\"wd-accordion-item\">\n<div>\n<div>\n<p><strong>Au\u00dfenma\u00dfe<\/strong>: 4000 x 3500 mm (Breite x Tiefe)<\/p>\n<\/div>\n<div>\n<p><strong>Dachgef\u00e4lle:<\/strong> 2630\/2500 mm<\/p>\n<p><strong>Dachgef\u00e4lle:<\/strong> nach HINTEN (Standard)<\/p>\n<\/div>\n<hr \/>\n<p>Unsere Pergolen verf\u00fcgen \u00fcber eine wirklich breite Skala an Nutzungsm\u00f6glichkeiten. Dabei verbindet sie jedoch eins &#8211; alle bieten den idealen Ort zum Entspannen, sei es auf der Terrasse oder im Garten.<\/p>\n<p>Am h\u00e4ufigsten werden Pergolen als Terrassen\u00fcberdachungen genutzt. Gerade am Haus kann so eine \u00dcberdachung sehr vom Vorteil sein, da sie um ausreichend Beschattung sorgen wird und sich dadurch die Innenr\u00e4ume des Hauses (vor allem im Sommer) nicht \u00fcberw\u00e4rmen werden.<\/p>\n<\/div>\n<div>\n<p><em>Alle Fotos sind rein illustrativ.<\/em><\/p>\n<\/div>\n<\/div>\n<\/div>\n<\/div>\n<\/div>\n<\/div>\n<\/div>\n<\/div>\n<\/div>\n<\/div>\n","protected":false},"excerpt":{"rendered":"<p>Au\u00dfenma\u00dfe: 4000 x 3500 mm (Breite x Tiefe) Dachgef\u00e4lle: 2630\/2500 mm Dachgef\u00e4lle: nach HINTEN (Standard) Unsere Pergolen verf\u00fcgen \u00fcber eine<\/p>\n","protected":false},"featured_media":3887,"template":"","meta":{"_acf_changed":false,"inline_featured_image":false},"product_brand":[],"product_cat":[1545,1683],"product_tag":[],"class_list":{"0":"post-5078","1":"product","2":"type-product","3":"status-publish","4":"has-post-thumbnail","6":"product_cat-die-gardeon-produkte-auf-bestellung","7":"product_cat-pergolen","8":"product_shipping_class-doprava-stavby","10":"first","11":"onbackorder","12":"taxable","13":"shipping-taxable","14":"purchasable","15":"product-type-simple"},"acf":[],"yoast_head":"<!-- This site is optimized with the Yoast SEO plugin v27.5 - https:\/\/yoast.com\/product\/yoast-seo-wordpress\/ -->\n<title>Pergola GARDEON | 4000 x 3500 mm<\/title>\n<meta name=\"robots\" content=\"index, follow, max-snippet:-1, max-image-preview:large, max-video-preview:-1\" \/>\n<link rel=\"canonical\" href=\"https:\/\/gardeon.at\/shop\/produkt\/pergola-gardeon-4000x3500mm\/\" \/>\n<meta property=\"og:locale\" content=\"hu_HU\" \/>\n<meta property=\"og:type\" content=\"article\" \/>\n<meta property=\"og:title\" content=\"Pergola GARDEON | 4000 x 3500 mm\" \/>\n<meta property=\"og:description\" content=\"Au\u00dfenma\u00dfe: 4000 x 3500 mm (Breite x Tiefe) Dachgef\u00e4lle: 2630\/2500 mm Dachgef\u00e4lle: nach HINTEN (Standard) Unsere Pergolen verf\u00fcgen \u00fcber eine\" \/>\n<meta property=\"og:url\" content=\"https:\/\/gardeon.at\/shop\/produkt\/pergola-gardeon-4000x3500mm\/\" \/>\n<meta property=\"og:site_name\" content=\"Gardeon e-shop\" \/>\n<meta property=\"article:modified_time\" content=\"2026-04-28T12:05:09+00:00\" \/>\n<meta property=\"og:image\" content=\"https:\/\/gardeon.at\/shop\/wp-content\/uploads\/2021\/08\/pergola-ZA-Podhorie-5.jpg\" \/>\n\t<meta property=\"og:image:width\" content=\"1500\" \/>\n\t<meta property=\"og:image:height\" content=\"998\" \/>\n\t<meta property=\"og:image:type\" content=\"image\/jpeg\" \/>\n<meta name=\"twitter:card\" content=\"summary_large_image\" \/>\n<meta name=\"twitter:label1\" content=\"Becs\u00fclt olvas\u00e1si id\u0151\" \/>\n\t<meta name=\"twitter:data1\" content=\"1 perc\" \/>\n<script type=\"application\/ld+json\" class=\"yoast-schema-graph\">{\"@context\":\"https:\\\/\\\/schema.org\",\"@graph\":[{\"@type\":\"WebPage\",\"@id\":\"https:\\\/\\\/gardeon.at\\\/shop\\\/produkt\\\/pergola-gardeon-4000x3500mm\\\/\",\"url\":\"https:\\\/\\\/gardeon.at\\\/shop\\\/produkt\\\/pergola-gardeon-4000x3500mm\\\/\",\"name\":\"Pergola GARDEON | 4000 x 3500 mm\",\"isPartOf\":{\"@id\":\"https:\\\/\\\/gardeon.at\\\/shop\\\/#website\"},\"primaryImageOfPage\":{\"@id\":\"https:\\\/\\\/gardeon.at\\\/shop\\\/produkt\\\/pergola-gardeon-4000x3500mm\\\/#primaryimage\"},\"image\":{\"@id\":\"https:\\\/\\\/gardeon.at\\\/shop\\\/produkt\\\/pergola-gardeon-4000x3500mm\\\/#primaryimage\"},\"thumbnailUrl\":\"https:\\\/\\\/gardeon.at\\\/shop\\\/wp-content\\\/uploads\\\/2021\\\/08\\\/pergola-ZA-Podhorie-5.jpg\",\"datePublished\":\"2023-07-28T05:31:55+00:00\",\"dateModified\":\"2026-04-28T12:05:09+00:00\",\"breadcrumb\":{\"@id\":\"https:\\\/\\\/gardeon.at\\\/shop\\\/produkt\\\/pergola-gardeon-4000x3500mm\\\/#breadcrumb\"},\"inLanguage\":\"hu\",\"potentialAction\":[{\"@type\":\"ReadAction\",\"target\":[\"https:\\\/\\\/gardeon.at\\\/shop\\\/produkt\\\/pergola-gardeon-4000x3500mm\\\/\"]}]},{\"@type\":\"ImageObject\",\"inLanguage\":\"hu\",\"@id\":\"https:\\\/\\\/gardeon.at\\\/shop\\\/produkt\\\/pergola-gardeon-4000x3500mm\\\/#primaryimage\",\"url\":\"https:\\\/\\\/gardeon.at\\\/shop\\\/wp-content\\\/uploads\\\/2021\\\/08\\\/pergola-ZA-Podhorie-5.jpg\",\"contentUrl\":\"https:\\\/\\\/gardeon.at\\\/shop\\\/wp-content\\\/uploads\\\/2021\\\/08\\\/pergola-ZA-Podhorie-5.jpg\",\"width\":1500,\"height\":998,\"caption\":\"Pergola GARDEON s odkladac\u00edm priestorom na drevo\"},{\"@type\":\"BreadcrumbList\",\"@id\":\"https:\\\/\\\/gardeon.at\\\/shop\\\/produkt\\\/pergola-gardeon-4000x3500mm\\\/#breadcrumb\",\"itemListElement\":[{\"@type\":\"ListItem\",\"position\":1,\"name\":\"Online Shop GARDEON\",\"item\":\"https:\\\/\\\/gardeon.at\\\/shop\\\/\"},{\"@type\":\"ListItem\",\"position\":2,\"name\":\"Die Gardeon Produkte auf Bestellung\",\"item\":\"https:\\\/\\\/gardeon.at\\\/shop\\\/product-category\\\/die-gardeon-produkte-auf-bestellung\\\/\"},{\"@type\":\"ListItem\",\"position\":3,\"name\":\"Pergolen\",\"item\":\"https:\\\/\\\/gardeon.at\\\/shop\\\/product-category\\\/die-gardeon-produkte-auf-bestellung\\\/pergolen\\\/\"},{\"@type\":\"ListItem\",\"position\":4,\"name\":\"Pergola GARDEON | 4000 x 3500 mm\"}]},{\"@type\":\"WebSite\",\"@id\":\"https:\\\/\\\/gardeon.at\\\/shop\\\/#website\",\"url\":\"https:\\\/\\\/gardeon.at\\\/shop\\\/\",\"name\":\"Gardeon e-shop\",\"description\":\"\",\"potentialAction\":[{\"@type\":\"SearchAction\",\"target\":{\"@type\":\"EntryPoint\",\"urlTemplate\":\"https:\\\/\\\/gardeon.at\\\/shop\\\/?s={search_term_string}\"},\"query-input\":{\"@type\":\"PropertyValueSpecification\",\"valueRequired\":true,\"valueName\":\"search_term_string\"}}],\"inLanguage\":\"hu\"}]}<\/script>\n<!-- \/ Yoast SEO plugin. -->","yoast_head_json":{"title":"Pergola GARDEON | 4000 x 3500 mm","robots":{"index":"index","follow":"follow","max-snippet":"max-snippet:-1","max-image-preview":"max-image-preview:large","max-video-preview":"max-video-preview:-1"},"canonical":"https:\/\/gardeon.at\/shop\/produkt\/pergola-gardeon-4000x3500mm\/","og_locale":"hu_HU","og_type":"article","og_title":"Pergola GARDEON | 4000 x 3500 mm","og_description":"Au\u00dfenma\u00dfe: 4000 x 3500 mm (Breite x Tiefe) Dachgef\u00e4lle: 2630\/2500 mm Dachgef\u00e4lle: nach HINTEN (Standard) Unsere Pergolen verf\u00fcgen \u00fcber eine","og_url":"https:\/\/gardeon.at\/shop\/produkt\/pergola-gardeon-4000x3500mm\/","og_site_name":"Gardeon e-shop","article_modified_time":"2026-04-28T12:05:09+00:00","og_image":[{"width":1500,"height":998,"url":"https:\/\/gardeon.at\/shop\/wp-content\/uploads\/2021\/08\/pergola-ZA-Podhorie-5.jpg","type":"image\/jpeg"}],"twitter_card":"summary_large_image","twitter_misc":{"Becs\u00fclt olvas\u00e1si id\u0151":"1 perc"},"schema":{"@context":"https:\/\/schema.org","@graph":[{"@type":"WebPage","@id":"https:\/\/gardeon.at\/shop\/produkt\/pergola-gardeon-4000x3500mm\/","url":"https:\/\/gardeon.at\/shop\/produkt\/pergola-gardeon-4000x3500mm\/","name":"Pergola GARDEON | 4000 x 3500 mm","isPartOf":{"@id":"https:\/\/gardeon.at\/shop\/#website"},"primaryImageOfPage":{"@id":"https:\/\/gardeon.at\/shop\/produkt\/pergola-gardeon-4000x3500mm\/#primaryimage"},"image":{"@id":"https:\/\/gardeon.at\/shop\/produkt\/pergola-gardeon-4000x3500mm\/#primaryimage"},"thumbnailUrl":"https:\/\/gardeon.at\/shop\/wp-content\/uploads\/2021\/08\/pergola-ZA-Podhorie-5.jpg","datePublished":"2023-07-28T05:31:55+00:00","dateModified":"2026-04-28T12:05:09+00:00","breadcrumb":{"@id":"https:\/\/gardeon.at\/shop\/produkt\/pergola-gardeon-4000x3500mm\/#breadcrumb"},"inLanguage":"hu","potentialAction":[{"@type":"ReadAction","target":["https:\/\/gardeon.at\/shop\/produkt\/pergola-gardeon-4000x3500mm\/"]}]},{"@type":"ImageObject","inLanguage":"hu","@id":"https:\/\/gardeon.at\/shop\/produkt\/pergola-gardeon-4000x3500mm\/#primaryimage","url":"https:\/\/gardeon.at\/shop\/wp-content\/uploads\/2021\/08\/pergola-ZA-Podhorie-5.jpg","contentUrl":"https:\/\/gardeon.at\/shop\/wp-content\/uploads\/2021\/08\/pergola-ZA-Podhorie-5.jpg","width":1500,"height":998,"caption":"Pergola GARDEON s odkladac\u00edm priestorom na drevo"},{"@type":"BreadcrumbList","@id":"https:\/\/gardeon.at\/shop\/produkt\/pergola-gardeon-4000x3500mm\/#breadcrumb","itemListElement":[{"@type":"ListItem","position":1,"name":"Online Shop GARDEON","item":"https:\/\/gardeon.at\/shop\/"},{"@type":"ListItem","position":2,"name":"Die Gardeon Produkte auf Bestellung","item":"https:\/\/gardeon.at\/shop\/product-category\/die-gardeon-produkte-auf-bestellung\/"},{"@type":"ListItem","position":3,"name":"Pergolen","item":"https:\/\/gardeon.at\/shop\/product-category\/die-gardeon-produkte-auf-bestellung\/pergolen\/"},{"@type":"ListItem","position":4,"name":"Pergola GARDEON | 4000 x 3500 mm"}]},{"@type":"WebSite","@id":"https:\/\/gardeon.at\/shop\/#website","url":"https:\/\/gardeon.at\/shop\/","name":"Gardeon e-shop","description":"","potentialAction":[{"@type":"SearchAction","target":{"@type":"EntryPoint","urlTemplate":"https:\/\/gardeon.at\/shop\/?s={search_term_string}"},"query-input":{"@type":"PropertyValueSpecification","valueRequired":true,"valueName":"search_term_string"}}],"inLanguage":"hu"}]}},"pll_sync_post":{},"lang":"de-at","translations":{"de-at":5078,"sk":5075,"cs":5076,"de-de":5077,"hu":7127},"_links":{"self":[{"href":"https:\/\/gardeon.at\/shop\/wp-json\/wp\/v2\/product\/5078","targetHints":{"allow":["GET"]}}],"collection":[{"href":"https:\/\/gardeon.at\/shop\/wp-json\/wp\/v2\/product"}],"about":[{"href":"https:\/\/gardeon.at\/shop\/wp-json\/wp\/v2\/types\/product"}],"wp:featuredmedia":[{"embeddable":true,"href":"https:\/\/gardeon.at\/shop\/wp-json\/wp\/v2\/media\/3887"}],"wp:attachment":[{"href":"https:\/\/gardeon.at\/shop\/wp-json\/wp\/v2\/media?parent=5078"}],"wp:term":[{"taxonomy":"product_brand","embeddable":true,"href":"https:\/\/gardeon.at\/shop\/wp-json\/wp\/v2\/product_brand?post=5078"},{"taxonomy":"product_cat","embeddable":true,"href":"https:\/\/gardeon.at\/shop\/wp-json\/wp\/v2\/product_cat?post=5078"},{"taxonomy":"product_tag","embeddable":true,"href":"https:\/\/gardeon.at\/shop\/wp-json\/wp\/v2\/product_tag?post=5078"}],"curies":[{"name":"wp","href":"https:\/\/api.w.org\/{rel}","templated":true}]}}