{"id":4743,"date":"2023-05-17T15:15:55","date_gmt":"2023-05-17T13:15:55","guid":{"rendered":"https:\/\/gardeon.sk\/shop\/?post_type=product&#038;p=4743"},"modified":"2026-04-27T08:51:58","modified_gmt":"2026-04-27T06:51:58","slug":"gartenhaus-3900x5800mm","status":"publish","type":"product","link":"https:\/\/gardeon.at\/shop\/produkt\/gartenhaus-3900x5800mm\/","title":{"rendered":"Gartenhaus GARDEON | 5800 x 3900 mm"},"content":{"rendered":"<p><strong>Au\u00dfenma\u00dfe:<\/strong> 5800 x 3900 mm (Breite x Tiefe)<\/p>\n<p><strong>Wandh\u00f6he:<\/strong> 2290 mm<\/p>\n<p><strong>Dachgef\u00e4lle: <\/strong>2500\/2370\u00a0mm<\/p>\n<p><strong>Dachgef\u00e4lle:<\/strong> nach HINTEN (Standard)<\/p>\n","protected":false},"excerpt":{"rendered":"<p>Au\u00dfenma\u00dfe: 5800 x 3900 mm (Breite x Tiefe) Wandh\u00f6he: 2290 mm Dachgef\u00e4lle: 2500\/2370\u00a0mm Dachgef\u00e4lle: nach HINTEN (Standard)<\/p>\n","protected":false},"featured_media":5109,"template":"","meta":{"_acf_changed":false,"inline_featured_image":false},"product_brand":[],"product_cat":[1545,1572,1574],"product_tag":[],"class_list":{"0":"post-4743","1":"product","2":"type-product","3":"status-publish","4":"has-post-thumbnail","6":"product_cat-die-gardeon-produkte-auf-bestellung","7":"product_cat-gartenhaeuser","8":"product_cat-mit-pultdach","9":"product_shipping_class-doprava-stavby","11":"first","12":"onbackorder","13":"taxable","14":"shipping-taxable","15":"purchasable","16":"product-type-simple"},"acf":[],"yoast_head":"<!-- This site is optimized with the Yoast SEO plugin v27.5 - https:\/\/yoast.com\/product\/yoast-seo-wordpress\/ -->\n<title>Gartenhaus GARDEON | 3900 x 5800 mm<\/title>\n<meta name=\"robots\" content=\"index, follow, max-snippet:-1, max-image-preview:large, max-video-preview:-1\" \/>\n<link rel=\"canonical\" href=\"https:\/\/gardeon.at\/shop\/produkt\/gartenhaus-3900x5800mm\/\" \/>\n<meta property=\"og:locale\" content=\"hu_HU\" \/>\n<meta property=\"og:type\" content=\"article\" \/>\n<meta property=\"og:title\" content=\"Gartenhaus GARDEON | 3900 x 5800 mm\" \/>\n<meta property=\"og:description\" content=\"Au\u00dfenma\u00dfe: 5800 x 3900 mm (Breite x Tiefe) Wandh\u00f6he: 2290 mm Dachgef\u00e4lle: 2500\/2370\u00a0mm Dachgef\u00e4lle: nach HINTEN (Standard)\" \/>\n<meta property=\"og:url\" content=\"https:\/\/gardeon.at\/shop\/produkt\/gartenhaus-3900x5800mm\/\" \/>\n<meta property=\"og:site_name\" content=\"Gardeon e-shop\" \/>\n<meta property=\"article:modified_time\" content=\"2026-04-27T06:51:58+00:00\" \/>\n<meta property=\"og:image\" content=\"https:\/\/gardeon.at\/shop\/wp-content\/uploads\/2023\/07\/zahradny-domcek-GARDEON-3900x5800mm-4-scaled.webp\" \/>\n\t<meta property=\"og:image:width\" content=\"2560\" \/>\n\t<meta property=\"og:image:height\" content=\"1344\" \/>\n\t<meta property=\"og:image:type\" content=\"image\/webp\" \/>\n<meta name=\"twitter:card\" content=\"summary_large_image\" \/>\n<meta name=\"twitter:label1\" content=\"Becs\u00fclt olvas\u00e1si id\u0151\" \/>\n\t<meta name=\"twitter:data1\" content=\"1 perc\" \/>\n<script type=\"application\/ld+json\" class=\"yoast-schema-graph\">{\"@context\":\"https:\\\/\\\/schema.org\",\"@graph\":[{\"@type\":\"WebPage\",\"@id\":\"https:\\\/\\\/gardeon.at\\\/shop\\\/produkt\\\/gartenhaus-3900x5800mm\\\/\",\"url\":\"https:\\\/\\\/gardeon.at\\\/shop\\\/produkt\\\/gartenhaus-3900x5800mm\\\/\",\"name\":\"Gartenhaus GARDEON | 3900 x 5800 mm\",\"isPartOf\":{\"@id\":\"https:\\\/\\\/gardeon.at\\\/shop\\\/#website\"},\"primaryImageOfPage\":{\"@id\":\"https:\\\/\\\/gardeon.at\\\/shop\\\/produkt\\\/gartenhaus-3900x5800mm\\\/#primaryimage\"},\"image\":{\"@id\":\"https:\\\/\\\/gardeon.at\\\/shop\\\/produkt\\\/gartenhaus-3900x5800mm\\\/#primaryimage\"},\"thumbnailUrl\":\"https:\\\/\\\/gardeon.at\\\/shop\\\/wp-content\\\/uploads\\\/2023\\\/07\\\/zahradny-domcek-GARDEON-3900x5800mm-4-scaled.webp\",\"datePublished\":\"2023-05-17T13:15:55+00:00\",\"dateModified\":\"2026-04-27T06:51:58+00:00\",\"breadcrumb\":{\"@id\":\"https:\\\/\\\/gardeon.at\\\/shop\\\/produkt\\\/gartenhaus-3900x5800mm\\\/#breadcrumb\"},\"inLanguage\":\"hu\",\"potentialAction\":[{\"@type\":\"ReadAction\",\"target\":[\"https:\\\/\\\/gardeon.at\\\/shop\\\/produkt\\\/gartenhaus-3900x5800mm\\\/\"]}]},{\"@type\":\"ImageObject\",\"inLanguage\":\"hu\",\"@id\":\"https:\\\/\\\/gardeon.at\\\/shop\\\/produkt\\\/gartenhaus-3900x5800mm\\\/#primaryimage\",\"url\":\"https:\\\/\\\/gardeon.at\\\/shop\\\/wp-content\\\/uploads\\\/2023\\\/07\\\/zahradny-domcek-GARDEON-3900x5800mm-4-scaled.webp\",\"contentUrl\":\"https:\\\/\\\/gardeon.at\\\/shop\\\/wp-content\\\/uploads\\\/2023\\\/07\\\/zahradny-domcek-GARDEON-3900x5800mm-4-scaled.webp\",\"width\":2560,\"height\":1344,\"caption\":\"Z\u00e1hradn\u00fd dom\u010dek GARDEON | 3900 x 5800 mm\"},{\"@type\":\"BreadcrumbList\",\"@id\":\"https:\\\/\\\/gardeon.at\\\/shop\\\/produkt\\\/gartenhaus-3900x5800mm\\\/#breadcrumb\",\"itemListElement\":[{\"@type\":\"ListItem\",\"position\":1,\"name\":\"Online Shop GARDEON\",\"item\":\"https:\\\/\\\/gardeon.at\\\/shop\\\/\"},{\"@type\":\"ListItem\",\"position\":2,\"name\":\"Die Gardeon Produkte auf Bestellung\",\"item\":\"https:\\\/\\\/gardeon.at\\\/shop\\\/product-category\\\/die-gardeon-produkte-auf-bestellung\\\/\"},{\"@type\":\"ListItem\",\"position\":3,\"name\":\"Gartenh\u00e4user\",\"item\":\"https:\\\/\\\/gardeon.at\\\/shop\\\/product-category\\\/die-gardeon-produkte-auf-bestellung\\\/gartenhaeuser\\\/\"},{\"@type\":\"ListItem\",\"position\":4,\"name\":\"Mit Pultdach\",\"item\":\"https:\\\/\\\/gardeon.at\\\/shop\\\/product-category\\\/die-gardeon-produkte-auf-bestellung\\\/gartenhaeuser\\\/mit-pultdach\\\/\"},{\"@type\":\"ListItem\",\"position\":5,\"name\":\"Gartenhaus GARDEON | 5800 x 3900 mm\"}]},{\"@type\":\"WebSite\",\"@id\":\"https:\\\/\\\/gardeon.at\\\/shop\\\/#website\",\"url\":\"https:\\\/\\\/gardeon.at\\\/shop\\\/\",\"name\":\"Gardeon e-shop\",\"description\":\"\",\"potentialAction\":[{\"@type\":\"SearchAction\",\"target\":{\"@type\":\"EntryPoint\",\"urlTemplate\":\"https:\\\/\\\/gardeon.at\\\/shop\\\/?s={search_term_string}\"},\"query-input\":{\"@type\":\"PropertyValueSpecification\",\"valueRequired\":true,\"valueName\":\"search_term_string\"}}],\"inLanguage\":\"hu\"}]}<\/script>\n<!-- \/ Yoast SEO plugin. -->","yoast_head_json":{"title":"Gartenhaus GARDEON | 3900 x 5800 mm","robots":{"index":"index","follow":"follow","max-snippet":"max-snippet:-1","max-image-preview":"max-image-preview:large","max-video-preview":"max-video-preview:-1"},"canonical":"https:\/\/gardeon.at\/shop\/produkt\/gartenhaus-3900x5800mm\/","og_locale":"hu_HU","og_type":"article","og_title":"Gartenhaus GARDEON | 3900 x 5800 mm","og_description":"Au\u00dfenma\u00dfe: 5800 x 3900 mm (Breite x Tiefe) Wandh\u00f6he: 2290 mm Dachgef\u00e4lle: 2500\/2370\u00a0mm Dachgef\u00e4lle: nach HINTEN (Standard)","og_url":"https:\/\/gardeon.at\/shop\/produkt\/gartenhaus-3900x5800mm\/","og_site_name":"Gardeon e-shop","article_modified_time":"2026-04-27T06:51:58+00:00","og_image":[{"width":2560,"height":1344,"url":"https:\/\/gardeon.at\/shop\/wp-content\/uploads\/2023\/07\/zahradny-domcek-GARDEON-3900x5800mm-4-scaled.webp","type":"image\/webp"}],"twitter_card":"summary_large_image","twitter_misc":{"Becs\u00fclt olvas\u00e1si id\u0151":"1 perc"},"schema":{"@context":"https:\/\/schema.org","@graph":[{"@type":"WebPage","@id":"https:\/\/gardeon.at\/shop\/produkt\/gartenhaus-3900x5800mm\/","url":"https:\/\/gardeon.at\/shop\/produkt\/gartenhaus-3900x5800mm\/","name":"Gartenhaus GARDEON | 3900 x 5800 mm","isPartOf":{"@id":"https:\/\/gardeon.at\/shop\/#website"},"primaryImageOfPage":{"@id":"https:\/\/gardeon.at\/shop\/produkt\/gartenhaus-3900x5800mm\/#primaryimage"},"image":{"@id":"https:\/\/gardeon.at\/shop\/produkt\/gartenhaus-3900x5800mm\/#primaryimage"},"thumbnailUrl":"https:\/\/gardeon.at\/shop\/wp-content\/uploads\/2023\/07\/zahradny-domcek-GARDEON-3900x5800mm-4-scaled.webp","datePublished":"2023-05-17T13:15:55+00:00","dateModified":"2026-04-27T06:51:58+00:00","breadcrumb":{"@id":"https:\/\/gardeon.at\/shop\/produkt\/gartenhaus-3900x5800mm\/#breadcrumb"},"inLanguage":"hu","potentialAction":[{"@type":"ReadAction","target":["https:\/\/gardeon.at\/shop\/produkt\/gartenhaus-3900x5800mm\/"]}]},{"@type":"ImageObject","inLanguage":"hu","@id":"https:\/\/gardeon.at\/shop\/produkt\/gartenhaus-3900x5800mm\/#primaryimage","url":"https:\/\/gardeon.at\/shop\/wp-content\/uploads\/2023\/07\/zahradny-domcek-GARDEON-3900x5800mm-4-scaled.webp","contentUrl":"https:\/\/gardeon.at\/shop\/wp-content\/uploads\/2023\/07\/zahradny-domcek-GARDEON-3900x5800mm-4-scaled.webp","width":2560,"height":1344,"caption":"Z\u00e1hradn\u00fd dom\u010dek GARDEON | 3900 x 5800 mm"},{"@type":"BreadcrumbList","@id":"https:\/\/gardeon.at\/shop\/produkt\/gartenhaus-3900x5800mm\/#breadcrumb","itemListElement":[{"@type":"ListItem","position":1,"name":"Online Shop GARDEON","item":"https:\/\/gardeon.at\/shop\/"},{"@type":"ListItem","position":2,"name":"Die Gardeon Produkte auf Bestellung","item":"https:\/\/gardeon.at\/shop\/product-category\/die-gardeon-produkte-auf-bestellung\/"},{"@type":"ListItem","position":3,"name":"Gartenh\u00e4user","item":"https:\/\/gardeon.at\/shop\/product-category\/die-gardeon-produkte-auf-bestellung\/gartenhaeuser\/"},{"@type":"ListItem","position":4,"name":"Mit Pultdach","item":"https:\/\/gardeon.at\/shop\/product-category\/die-gardeon-produkte-auf-bestellung\/gartenhaeuser\/mit-pultdach\/"},{"@type":"ListItem","position":5,"name":"Gartenhaus GARDEON | 5800 x 3900 mm"}]},{"@type":"WebSite","@id":"https:\/\/gardeon.at\/shop\/#website","url":"https:\/\/gardeon.at\/shop\/","name":"Gardeon e-shop","description":"","potentialAction":[{"@type":"SearchAction","target":{"@type":"EntryPoint","urlTemplate":"https:\/\/gardeon.at\/shop\/?s={search_term_string}"},"query-input":{"@type":"PropertyValueSpecification","valueRequired":true,"valueName":"search_term_string"}}],"inLanguage":"hu"}]}},"pll_sync_post":{},"lang":"de-at","translations":{"de-at":4743,"sk":4658,"cs":4659,"de-de":4660,"hu":7191},"_links":{"self":[{"href":"https:\/\/gardeon.at\/shop\/wp-json\/wp\/v2\/product\/4743","targetHints":{"allow":["GET"]}}],"collection":[{"href":"https:\/\/gardeon.at\/shop\/wp-json\/wp\/v2\/product"}],"about":[{"href":"https:\/\/gardeon.at\/shop\/wp-json\/wp\/v2\/types\/product"}],"wp:featuredmedia":[{"embeddable":true,"href":"https:\/\/gardeon.at\/shop\/wp-json\/wp\/v2\/media\/5109"}],"wp:attachment":[{"href":"https:\/\/gardeon.at\/shop\/wp-json\/wp\/v2\/media?parent=4743"}],"wp:term":[{"taxonomy":"product_brand","embeddable":true,"href":"https:\/\/gardeon.at\/shop\/wp-json\/wp\/v2\/product_brand?post=4743"},{"taxonomy":"product_cat","embeddable":true,"href":"https:\/\/gardeon.at\/shop\/wp-json\/wp\/v2\/product_cat?post=4743"},{"taxonomy":"product_tag","embeddable":true,"href":"https:\/\/gardeon.at\/shop\/wp-json\/wp\/v2\/product_tag?post=4743"}],"curies":[{"name":"wp","href":"https:\/\/api.w.org\/{rel}","templated":true}]}}