{"id":4742,"date":"2023-05-17T15:15:43","date_gmt":"2023-05-17T13:15:43","guid":{"rendered":"https:\/\/gardeon.sk\/shop\/?post_type=product&#038;p=4742"},"modified":"2026-04-27T14:45:43","modified_gmt":"2026-04-27T12:45:43","slug":"doppelgarage-5800x5860mm","status":"publish","type":"product","link":"https:\/\/gardeon.at\/shop\/produkt\/doppelgarage-5800x5860mm\/","title":{"rendered":"Doppelgarage GARDEON | 5800 x 5860 mm"},"content":{"rendered":"<p><strong>Au\u00dfenma\u00dfe:<\/strong> 5800 x 5860 mm (Breite x Tiefe)<\/p>\n<p><strong>Wandh\u00f6he:<\/strong> 2420 mm<\/p>\n<p><strong>Dachgef\u00e4lle: <\/strong>2630\/2500\u00a0mm<\/p>\n<p><strong>Dachgef\u00e4lle:<\/strong> nach HINTEN (Standard)<\/p>\n<p><strong>Sektionaltor H\u00f6rmann: <\/strong>5000 x 2125 mm<\/p>\n","protected":false},"excerpt":{"rendered":"<p>Au\u00dfenma\u00dfe: 5800 x 5860 mm (Breite x Tiefe) Wandh\u00f6he: 2420 mm Dachgef\u00e4lle: 2630\/2500\u00a0mm Dachgef\u00e4lle: nach HINTEN (Standard) Sektionaltor H\u00f6rmann: 5000<\/p>\n","protected":false},"featured_media":5172,"template":"","meta":{"_acf_changed":false,"inline_featured_image":false},"product_brand":[],"product_cat":[1545,1548,1550,1552],"product_tag":[],"class_list":{"0":"post-4742","1":"product","2":"type-product","3":"status-publish","4":"has-post-thumbnail","6":"product_cat-die-gardeon-produkte-auf-bestellung","7":"product_cat-garagen","8":"product_cat-garagen-fuer-2-autos","9":"product_cat-garagen-mit-pultdach","10":"product_shipping_class-doprava-stavby","12":"first","13":"onbackorder","14":"taxable","15":"shipping-taxable","16":"purchasable","17":"product-type-simple"},"acf":[],"yoast_head":"<!-- This site is optimized with the Yoast SEO plugin v27.5 - https:\/\/yoast.com\/product\/yoast-seo-wordpress\/ -->\n<title>Doppelgarage | 5800 x 5860 mm | GARDEON<\/title>\n<meta name=\"robots\" content=\"index, follow, max-snippet:-1, max-image-preview:large, max-video-preview:-1\" \/>\n<link rel=\"canonical\" href=\"https:\/\/gardeon.at\/shop\/produkt\/doppelgarage-5800x5860mm\/\" \/>\n<meta property=\"og:locale\" content=\"hu_HU\" \/>\n<meta property=\"og:type\" content=\"article\" \/>\n<meta property=\"og:title\" content=\"Doppelgarage | 5800 x 5860 mm | GARDEON\" \/>\n<meta property=\"og:description\" content=\"Au\u00dfenma\u00dfe: 5800 x 5860 mm (Breite x Tiefe) Wandh\u00f6he: 2420 mm Dachgef\u00e4lle: 2630\/2500\u00a0mm Dachgef\u00e4lle: nach HINTEN (Standard) Sektionaltor H\u00f6rmann: 5000\" \/>\n<meta property=\"og:url\" content=\"https:\/\/gardeon.at\/shop\/produkt\/doppelgarage-5800x5860mm\/\" \/>\n<meta property=\"og:site_name\" content=\"Gardeon e-shop\" \/>\n<meta property=\"article:modified_time\" content=\"2026-04-27T12:45:43+00:00\" \/>\n<meta property=\"og:image\" content=\"https:\/\/gardeon.at\/shop\/wp-content\/uploads\/2023\/04\/gardeon-garaz-pre-dve-auta-pultova-strecha-5800x5860mm-1-scaled.webp\" \/>\n\t<meta property=\"og:image:width\" content=\"2560\" \/>\n\t<meta property=\"og:image:height\" content=\"1344\" \/>\n\t<meta property=\"og:image:type\" content=\"image\/webp\" \/>\n<meta name=\"twitter:card\" content=\"summary_large_image\" \/>\n<meta name=\"twitter:label1\" content=\"Becs\u00fclt olvas\u00e1si id\u0151\" \/>\n\t<meta name=\"twitter:data1\" content=\"1 perc\" \/>\n<script type=\"application\/ld+json\" class=\"yoast-schema-graph\">{\"@context\":\"https:\\\/\\\/schema.org\",\"@graph\":[{\"@type\":\"WebPage\",\"@id\":\"https:\\\/\\\/gardeon.at\\\/shop\\\/produkt\\\/doppelgarage-5800x5860mm\\\/\",\"url\":\"https:\\\/\\\/gardeon.at\\\/shop\\\/produkt\\\/doppelgarage-5800x5860mm\\\/\",\"name\":\"Doppelgarage | 5800 x 5860 mm | GARDEON\",\"isPartOf\":{\"@id\":\"https:\\\/\\\/gardeon.at\\\/shop\\\/#website\"},\"primaryImageOfPage\":{\"@id\":\"https:\\\/\\\/gardeon.at\\\/shop\\\/produkt\\\/doppelgarage-5800x5860mm\\\/#primaryimage\"},\"image\":{\"@id\":\"https:\\\/\\\/gardeon.at\\\/shop\\\/produkt\\\/doppelgarage-5800x5860mm\\\/#primaryimage\"},\"thumbnailUrl\":\"https:\\\/\\\/gardeon.at\\\/shop\\\/wp-content\\\/uploads\\\/2023\\\/04\\\/gardeon-garaz-pre-dve-auta-pultova-strecha-5800x5860mm-1-scaled.webp\",\"datePublished\":\"2023-05-17T13:15:43+00:00\",\"dateModified\":\"2026-04-27T12:45:43+00:00\",\"breadcrumb\":{\"@id\":\"https:\\\/\\\/gardeon.at\\\/shop\\\/produkt\\\/doppelgarage-5800x5860mm\\\/#breadcrumb\"},\"inLanguage\":\"hu\",\"potentialAction\":[{\"@type\":\"ReadAction\",\"target\":[\"https:\\\/\\\/gardeon.at\\\/shop\\\/produkt\\\/doppelgarage-5800x5860mm\\\/\"]}]},{\"@type\":\"ImageObject\",\"inLanguage\":\"hu\",\"@id\":\"https:\\\/\\\/gardeon.at\\\/shop\\\/produkt\\\/doppelgarage-5800x5860mm\\\/#primaryimage\",\"url\":\"https:\\\/\\\/gardeon.at\\\/shop\\\/wp-content\\\/uploads\\\/2023\\\/04\\\/gardeon-garaz-pre-dve-auta-pultova-strecha-5800x5860mm-1-scaled.webp\",\"contentUrl\":\"https:\\\/\\\/gardeon.at\\\/shop\\\/wp-content\\\/uploads\\\/2023\\\/04\\\/gardeon-garaz-pre-dve-auta-pultova-strecha-5800x5860mm-1-scaled.webp\",\"width\":2560,\"height\":1344,\"caption\":\"Gar\u00e1\u017e pre dve aut\u00e1 GARDEON | 5800 x 5860 mm\"},{\"@type\":\"BreadcrumbList\",\"@id\":\"https:\\\/\\\/gardeon.at\\\/shop\\\/produkt\\\/doppelgarage-5800x5860mm\\\/#breadcrumb\",\"itemListElement\":[{\"@type\":\"ListItem\",\"position\":1,\"name\":\"Online Shop GARDEON\",\"item\":\"https:\\\/\\\/gardeon.at\\\/shop\\\/\"},{\"@type\":\"ListItem\",\"position\":2,\"name\":\"Die Gardeon Produkte auf Bestellung\",\"item\":\"https:\\\/\\\/gardeon.at\\\/shop\\\/product-category\\\/die-gardeon-produkte-auf-bestellung\\\/\"},{\"@type\":\"ListItem\",\"position\":3,\"name\":\"Garagen\",\"item\":\"https:\\\/\\\/gardeon.at\\\/shop\\\/product-category\\\/die-gardeon-produkte-auf-bestellung\\\/garagen\\\/\"},{\"@type\":\"ListItem\",\"position\":4,\"name\":\"Garagen f\u00fcr 2 Autos\",\"item\":\"https:\\\/\\\/gardeon.at\\\/shop\\\/product-category\\\/die-gardeon-produkte-auf-bestellung\\\/garagen\\\/garagen-fuer-2-autos\\\/\"},{\"@type\":\"ListItem\",\"position\":5,\"name\":\"Doppelgarage GARDEON | 5800 x 5860 mm\"}]},{\"@type\":\"WebSite\",\"@id\":\"https:\\\/\\\/gardeon.at\\\/shop\\\/#website\",\"url\":\"https:\\\/\\\/gardeon.at\\\/shop\\\/\",\"name\":\"Gardeon e-shop\",\"description\":\"\",\"potentialAction\":[{\"@type\":\"SearchAction\",\"target\":{\"@type\":\"EntryPoint\",\"urlTemplate\":\"https:\\\/\\\/gardeon.at\\\/shop\\\/?s={search_term_string}\"},\"query-input\":{\"@type\":\"PropertyValueSpecification\",\"valueRequired\":true,\"valueName\":\"search_term_string\"}}],\"inLanguage\":\"hu\"}]}<\/script>\n<!-- \/ Yoast SEO plugin. -->","yoast_head_json":{"title":"Doppelgarage | 5800 x 5860 mm | GARDEON","robots":{"index":"index","follow":"follow","max-snippet":"max-snippet:-1","max-image-preview":"max-image-preview:large","max-video-preview":"max-video-preview:-1"},"canonical":"https:\/\/gardeon.at\/shop\/produkt\/doppelgarage-5800x5860mm\/","og_locale":"hu_HU","og_type":"article","og_title":"Doppelgarage | 5800 x 5860 mm | GARDEON","og_description":"Au\u00dfenma\u00dfe: 5800 x 5860 mm (Breite x Tiefe) Wandh\u00f6he: 2420 mm Dachgef\u00e4lle: 2630\/2500\u00a0mm Dachgef\u00e4lle: nach HINTEN (Standard) Sektionaltor H\u00f6rmann: 5000","og_url":"https:\/\/gardeon.at\/shop\/produkt\/doppelgarage-5800x5860mm\/","og_site_name":"Gardeon e-shop","article_modified_time":"2026-04-27T12:45:43+00:00","og_image":[{"width":2560,"height":1344,"url":"https:\/\/gardeon.at\/shop\/wp-content\/uploads\/2023\/04\/gardeon-garaz-pre-dve-auta-pultova-strecha-5800x5860mm-1-scaled.webp","type":"image\/webp"}],"twitter_card":"summary_large_image","twitter_misc":{"Becs\u00fclt olvas\u00e1si id\u0151":"1 perc"},"schema":{"@context":"https:\/\/schema.org","@graph":[{"@type":"WebPage","@id":"https:\/\/gardeon.at\/shop\/produkt\/doppelgarage-5800x5860mm\/","url":"https:\/\/gardeon.at\/shop\/produkt\/doppelgarage-5800x5860mm\/","name":"Doppelgarage | 5800 x 5860 mm | GARDEON","isPartOf":{"@id":"https:\/\/gardeon.at\/shop\/#website"},"primaryImageOfPage":{"@id":"https:\/\/gardeon.at\/shop\/produkt\/doppelgarage-5800x5860mm\/#primaryimage"},"image":{"@id":"https:\/\/gardeon.at\/shop\/produkt\/doppelgarage-5800x5860mm\/#primaryimage"},"thumbnailUrl":"https:\/\/gardeon.at\/shop\/wp-content\/uploads\/2023\/04\/gardeon-garaz-pre-dve-auta-pultova-strecha-5800x5860mm-1-scaled.webp","datePublished":"2023-05-17T13:15:43+00:00","dateModified":"2026-04-27T12:45:43+00:00","breadcrumb":{"@id":"https:\/\/gardeon.at\/shop\/produkt\/doppelgarage-5800x5860mm\/#breadcrumb"},"inLanguage":"hu","potentialAction":[{"@type":"ReadAction","target":["https:\/\/gardeon.at\/shop\/produkt\/doppelgarage-5800x5860mm\/"]}]},{"@type":"ImageObject","inLanguage":"hu","@id":"https:\/\/gardeon.at\/shop\/produkt\/doppelgarage-5800x5860mm\/#primaryimage","url":"https:\/\/gardeon.at\/shop\/wp-content\/uploads\/2023\/04\/gardeon-garaz-pre-dve-auta-pultova-strecha-5800x5860mm-1-scaled.webp","contentUrl":"https:\/\/gardeon.at\/shop\/wp-content\/uploads\/2023\/04\/gardeon-garaz-pre-dve-auta-pultova-strecha-5800x5860mm-1-scaled.webp","width":2560,"height":1344,"caption":"Gar\u00e1\u017e pre dve aut\u00e1 GARDEON | 5800 x 5860 mm"},{"@type":"BreadcrumbList","@id":"https:\/\/gardeon.at\/shop\/produkt\/doppelgarage-5800x5860mm\/#breadcrumb","itemListElement":[{"@type":"ListItem","position":1,"name":"Online Shop GARDEON","item":"https:\/\/gardeon.at\/shop\/"},{"@type":"ListItem","position":2,"name":"Die Gardeon Produkte auf Bestellung","item":"https:\/\/gardeon.at\/shop\/product-category\/die-gardeon-produkte-auf-bestellung\/"},{"@type":"ListItem","position":3,"name":"Garagen","item":"https:\/\/gardeon.at\/shop\/product-category\/die-gardeon-produkte-auf-bestellung\/garagen\/"},{"@type":"ListItem","position":4,"name":"Garagen f\u00fcr 2 Autos","item":"https:\/\/gardeon.at\/shop\/product-category\/die-gardeon-produkte-auf-bestellung\/garagen\/garagen-fuer-2-autos\/"},{"@type":"ListItem","position":5,"name":"Doppelgarage GARDEON | 5800 x 5860 mm"}]},{"@type":"WebSite","@id":"https:\/\/gardeon.at\/shop\/#website","url":"https:\/\/gardeon.at\/shop\/","name":"Gardeon e-shop","description":"","potentialAction":[{"@type":"SearchAction","target":{"@type":"EntryPoint","urlTemplate":"https:\/\/gardeon.at\/shop\/?s={search_term_string}"},"query-input":{"@type":"PropertyValueSpecification","valueRequired":true,"valueName":"search_term_string"}}],"inLanguage":"hu"}]}},"pll_sync_post":{},"lang":"de-at","translations":{"de-at":4742,"sk":4661,"cs":4662,"de-de":4663,"hu":7187},"_links":{"self":[{"href":"https:\/\/gardeon.at\/shop\/wp-json\/wp\/v2\/product\/4742","targetHints":{"allow":["GET"]}}],"collection":[{"href":"https:\/\/gardeon.at\/shop\/wp-json\/wp\/v2\/product"}],"about":[{"href":"https:\/\/gardeon.at\/shop\/wp-json\/wp\/v2\/types\/product"}],"wp:featuredmedia":[{"embeddable":true,"href":"https:\/\/gardeon.at\/shop\/wp-json\/wp\/v2\/media\/5172"}],"wp:attachment":[{"href":"https:\/\/gardeon.at\/shop\/wp-json\/wp\/v2\/media?parent=4742"}],"wp:term":[{"taxonomy":"product_brand","embeddable":true,"href":"https:\/\/gardeon.at\/shop\/wp-json\/wp\/v2\/product_brand?post=4742"},{"taxonomy":"product_cat","embeddable":true,"href":"https:\/\/gardeon.at\/shop\/wp-json\/wp\/v2\/product_cat?post=4742"},{"taxonomy":"product_tag","embeddable":true,"href":"https:\/\/gardeon.at\/shop\/wp-json\/wp\/v2\/product_tag?post=4742"}],"curies":[{"name":"wp","href":"https:\/\/api.w.org\/{rel}","templated":true}]}}

<p><strong>Außenmaße:</strong> 5800 x 5860 mm (Breite x Tiefe)</p>
<p><strong>Wandhöhe:</strong> 2420 mm</p>
<p><strong>Dachgefälle: </strong>2630/2500 mm</p>
<p><strong>Dachgefälle:</strong> nach HINTEN (Standard)</p>
<p><strong>Sektionaltor Hörmann: </strong>5000 x 2125 mm</p>

<p>Außenmaße: 5800 x 5860 mm (Breite x Tiefe) Wandhöhe: 2420 mm Dachgefälle: 2630/2500 mm Dachgefälle: nach HINTEN (Standard) Sektionaltor Hörmann: 5000</p>

<!-- This site is optimized with the Yoast SEO plugin v27.5 - https://yoast.com/product/yoast-seo-wordpress/ -->
<title>Doppelgarage | 5800 x 5860 mm | GARDEON</title>
<meta name="robots" content="index, follow, max-snippet:-1, max-image-preview:large, max-video-preview:-1" />
<link rel="canonical" href="https://gardeon.at/shop/produkt/doppelgarage-5800x5860mm/" />
<meta property="og:locale" content="hu_HU" />
<meta property="og:type" content="article" />
<meta property="og:title" content="Doppelgarage | 5800 x 5860 mm | GARDEON" />
<meta property="og:description" content="Außenmaße: 5800 x 5860 mm (Breite x Tiefe) Wandhöhe: 2420 mm Dachgefälle: 2630/2500 mm Dachgefälle: nach HINTEN (Standard) Sektionaltor Hörmann: 5000" />
<meta property="og:url" content="https://gardeon.at/shop/produkt/doppelgarage-5800x5860mm/" />
<meta property="og:site_name" content="Gardeon e-shop" />
<meta property="article:modified_time" content="2026-04-27T12:45:43+00:00" />
<meta property="og:image" content="https://gardeon.at/shop/wp-content/uploads/2023/04/gardeon-garaz-pre-dve-auta-pultova-strecha-5800x5860mm-1-scaled.webp" />
	<meta property="og:image:width" content="2560" />
	<meta property="og:image:height" content="1344" />
	<meta property="og:image:type" content="image/webp" />
<meta name="twitter:card" content="summary_large_image" />
<meta name="twitter:label1" content="Becsült olvasási idő" />
	<meta name="twitter:data1" content="1 perc" />
<script type="application/ld+json" class="yoast-schema-graph">{"@context":"https:\/\/schema.org","@graph":[{"@type":"WebPage","@id":"https:\/\/gardeon.at\/shop\/produkt\/doppelgarage-5800x5860mm\/","url":"https:\/\/gardeon.at\/shop\/produkt\/doppelgarage-5800x5860mm\/","name":"Doppelgarage | 5800 x 5860 mm | GARDEON","isPartOf":{"@id":"https:\/\/gardeon.at\/shop\/#website"},"primaryImageOfPage":{"@id":"https:\/\/gardeon.at\/shop\/produkt\/doppelgarage-5800x5860mm\/#primaryimage"},"image":{"@id":"https:\/\/gardeon.at\/shop\/produkt\/doppelgarage-5800x5860mm\/#primaryimage"},"thumbnailUrl":"https:\/\/gardeon.at\/shop\/wp-content\/uploads\/2023\/04\/gardeon-garaz-pre-dve-auta-pultova-strecha-5800x5860mm-1-scaled.webp","datePublished":"2023-05-17T13:15:43+00:00","dateModified":"2026-04-27T12:45:43+00:00","breadcrumb":{"@id":"https:\/\/gardeon.at\/shop\/produkt\/doppelgarage-5800x5860mm\/#breadcrumb"},"inLanguage":"hu","potentialAction":[{"@type":"ReadAction","target":["https:\/\/gardeon.at\/shop\/produkt\/doppelgarage-5800x5860mm\/"]}]},{"@type":"ImageObject","inLanguage":"hu","@id":"https:\/\/gardeon.at\/shop\/produkt\/doppelgarage-5800x5860mm\/#primaryimage","url":"https:\/\/gardeon.at\/shop\/wp-content\/uploads\/2023\/04\/gardeon-garaz-pre-dve-auta-pultova-strecha-5800x5860mm-1-scaled.webp","contentUrl":"https:\/\/gardeon.at\/shop\/wp-content\/uploads\/2023\/04\/gardeon-garaz-pre-dve-auta-pultova-strecha-5800x5860mm-1-scaled.webp","width":2560,"height":1344,"caption":"Garáž pre dve autá GARDEON | 5800 x 5860 mm"},{"@type":"BreadcrumbList","@id":"https:\/\/gardeon.at\/shop\/produkt\/doppelgarage-5800x5860mm\/#breadcrumb","itemListElement":[{"@type":"ListItem","position":1,"name":"Online Shop GARDEON","item":"https:\/\/gardeon.at\/shop\/"},{"@type":"ListItem","position":2,"name":"Die Gardeon Produkte auf Bestellung","item":"https:\/\/gardeon.at\/shop\/product-category\/die-gardeon-produkte-auf-bestellung\/"},{"@type":"ListItem","position":3,"name":"Garagen","item":"https:\/\/gardeon.at\/shop\/product-category\/die-gardeon-produkte-auf-bestellung\/garagen\/"},{"@type":"ListItem","position":4,"name":"Garagen für 2 Autos","item":"https:\/\/gardeon.at\/shop\/product-category\/die-gardeon-produkte-auf-bestellung\/garagen\/garagen-fuer-2-autos\/"},{"@type":"ListItem","position":5,"name":"Doppelgarage GARDEON | 5800 x 5860 mm"}]},{"@type":"WebSite","@id":"https:\/\/gardeon.at\/shop\/#website","url":"https:\/\/gardeon.at\/shop\/","name":"Gardeon e-shop","description":"","potentialAction":[{"@type":"SearchAction","target":{"@type":"EntryPoint","urlTemplate":"https:\/\/gardeon.at\/shop\/?s={search_term_string}"},"query-input":{"@type":"PropertyValueSpecification","valueRequired":true,"valueName":"search_term_string"}}],"inLanguage":"hu"}]}</script>
<!-- / Yoast SEO plugin. -->

Außenmaße: 5800 x 5860 mm (Breite x Tiefe) Wandhöhe: 2420 mm Dachgefälle: 2630/2500 mm Dachgefälle: nach HINTEN (Standard) Sektionaltor Hörmann: 5000

Garáž pre dve autá GARDEON | 5800 x 5860 mm

Garagen für 2 Autos
